 0 = -m - 5*w - j, -m - 4*m - 5*w - 2000 = 0. What is the units digit of m/(-75) + 4/(-10)?
5
Let b be -3 + 2*(-27)/(-6). Let g = -1 + 2. Suppose k + g = b. What is the units digit of k?
5
Let p be (-1 + 3 - -2) + 182. Suppose -4*l - p = -2*l. What is the tens digit of l/(-5) - (-2)/5?
1
Let g be (-5)/(20/(-4)) + -1. Suppose g = -0*c + 5*c - 80. What is the tens digit of c?
1
Suppose 2 + 3 = c. Suppose -c*t - 3 = -18. Suppose 95 = 5*x - t*i, -2*x - 2*i = 24 - 78. What is the tens digit of x?
2
Let p(s) = -3 + 4*s**2 - 2*s**2 + s + 5*s. Let o be p(-5). Suppose d = 2*f - 33 - o, -125 = -5*f - 2*d. What is the units digit of f?
5
Suppose -3*d + 14 = -4*j - 5, 17 = 3*j + 4*d. What is the hundreds digit of j/5 + (-8168)/(-40)?
2
Let u = -4521 - -8530. What is the tens digit of u?
0
Suppose 0 = 8*o - 9*o - 10. What is the tens digit of 2/(-8) - (-274)/(-16)*o?
7
Suppose -b + 2*w + 21 = 2*b, 4*b - 35 = 5*w. Suppose 79 = 5*z - 3*d, b*z - 2*d + 4*d = 64. What is the tens digit of z?
1
Suppose 364 = 2*u + 62. What is the hundreds digit of u?
1
Let w = -2800 + 4011. What is the hundreds digit of w?
2
Let k(x) = x + 33. Let q be (-10)/(-2) + -1 + (-4 - -16). What is the units digit of k(q)?
9
Suppose 0*d - 2*m = d - 11, 0 = 3*d - 4*m + 17. Let q(c) = c + 9*c**2 - 2*c + 6*c**2 + d. What is the tens digit of q(-1)?
1
Suppose 0 = -3*u + 41*u - 5700. What is the tens digit of u?
5
Let o = -579 - -750. What is the tens digit of o?
7
Let k(w) = w**3 + 22*w**2 + 22*w + 17. Let o be k(-21). What is the tens digit of 20/(-8) - o - (-186)/4?
4
Let w = 8 + -3. Suppose 0 = -n + 4*f + 13, 0 = -w*n - f - 39 - 1. Let u = n - -17. What is the tens digit of u?
1
Suppose -8*v + 3*v = -65. Let x(s) = -s**2 + 17*s - 11. What is the units digit of x(v)?
1
What is the hundreds digit of 1 + 12/(-18) - (-904)/6?
1
Let j(t) = -t**3 + 13*t**2 - 2*t + 12. Let s be j(11). Suppose 58 = k + 2*z, -5*k + k = 5*z - s. What is the tens digit of k?
5
Let z = 5 + 70. Let m be (-872)/24 + (-4)/6. Let l = m + z. What is the tens digit of l?
3
Suppose -3*p - 6*d = -9*d - 1986, 5*d = 3*p - 1988. What is the tens digit of p?
6
Suppose -5*b - 20 = 0, -2*a = -2*b + 4 - 12. What is the tens digit of (-19)/95 - (381/(-5) - a)?
7
Suppose -z - 38 = -4*r, -33 - 77 = 4*z - 2*r. Let j = 136 + z. What is the units digit of j?
0
Suppose 4*l - 606 = 2*l. What is the hundreds digit of l?
3
Let y(x) = -x**2 - 18*x - 2. Let a be y(-15). Let z = 2 - -1. Suppose z*v + a = 142. What is the tens digit of v?
3
Let z = -502 - -842. What is the units digit of z?
0
What is the tens digit of 6030/(-12)*((-9)/5 - -1)?
0
Let w be ((-14)/(-2))/((-2)/156*-6). Suppose -z + w + 230 = 0. What is the hundreds digit of z?
3
What is the thousands digit of (-9704)/(-6) + (555/(-45) - -12)?
1
Let u = 167 + -99. Suppose 2*t - u = 36. What is the units digit of t?
2
Let m = 18 + -13. Suppose -j = 5*k - 34, j - 3*j - m*k = -88. Suppose -4*c = -j + 10. What is the tens digit of c?
1
Suppose -19*m + 170342 = 34*m. What is the thousands digit of m?
3
Let y(d) = -d**2 - 24*d + 13. Let r be y(-22). Suppose -54*g = -r*g + 3. What is the units digit of g?
1
Suppose 0 = -w + 47 - 6. Let b(z) = z - 2. Let q be b(-14). Let f = q + w. What is the tens digit of f?
2
Suppose 3*f + 10 = -2*o, f - 3 = 2*o + 7. Let y(g) = -g + 5. Let a be y(f). Suppose -10 = 4*c + 2, 0 = -a*u + 3*c + 59. What is the tens digit of u?
1
Let n = 354 - 122. What is the hundreds digit of n?
2
Let k = -113 - -197. Suppose -4*f - 3*v + 4*v + k = 0, 4*f + v - 84 = 0. What is the tens digit of f?
2
Let n(v) = v**3 + 2*v**2 - 5*v - 3. Let d be n(-3). Suppose r + 3 = 0, 0*r = -d*q - 3*r + 9. What is the units digit of q?
6
Let p(f) = 406*f**3 + 25*f**2 - 54*f. What is the units digit of p(2)?
0
Let j = 189 + -84. Suppose -107 - j = -4*a. What is the units digit of a?
3
Suppose -3*r = -l - 35, 5*r = -4*l + 7*l + 57. What is the units digit of r?
2
What is the hundreds digit of -264*2*13/((-195)/80)?
8
Let j be 6/(-21) - (80/14 + 2). Let b = 65 + j. What is the tens digit of b?
5
Let d be 8/(-36) - (-641)/9. Let r = -36 + d. What is the tens digit of r?
3
Suppose 229 = 2*q - 361. What is the units digit of q?
5
Let f(v) = -20*v - 18. What is the tens digit of f(-15)?
8
What is the tens digit of ((-74870)/(-95) + 10/(-95))/2?
9
Suppose -80*i = -84*i + 1780. What is the tens digit of i?
4
Suppose -24*u + 30291 = -34941. What is the tens digit of u?
1
Suppose -c = -g + 15, 42 = -0*g + 2*g + c. Let k = 31 - g. Suppose -4*h = -4 - k. What is the units digit of h?
4
Let f(z) = -37 + 2*z + 2*z**2 - 3*z**2 - 22*z + 28. What is the tens digit of f(-11)?
9
Suppose -5*r = 5 + 20. What is the units digit of (r/((-30)/(-51)))/((-3)/42)?
9
Suppose -l + 3*l = 8. Suppose 0 = -4*j + l*v + 172, -3*j + 3*v = -v - 130. Suppose -s = 2*s - j. What is the units digit of s?
4
Suppose 3*x - 6 + 6 = 0. Suppose f - 4 = -x*f, t - 53 = -2*f. What is the tens digit of t?
4
Suppose 0 = 3*v - 4 - 8. Let j = 8 + 7. Suppose -v*x + j = -x. What is the units digit of x?
5
Suppose 6*a = 4*a - 120. Let z = a - -62. What is the units digit of z?
2
Let m = -45 + 48. Suppose -m*b + 76 + 17 = 0. What is the units digit of b?
1
Let q = 1272 - 418. Suppose -3*l + 1031 = -5*n, -3*l + q = -n - 173. Suppose -2*v + 250 = 3*s + 60, -5*s = -3*v - l. What is the tens digit of s?
6
Let u be 4*(-5)/(-10) + -187. Let d = -103 - u. What is the tens digit of d?
8
Let a = 10 - 10. Suppose -25 = 5*c, 5*h - c + 4 + 1 = a. What is the units digit of h - 72/(-2 - 0)?
4
Let j be 2/5 + 88/55. Suppose j*a = -a - 3*o, -50 = -5*a + 5*o. Suppose -a*h + 25 = 0, -n + 2*h - h + 19 = 0. What is the tens digit of n?
2
Suppose 35*q - 4080 = -5*q. What is the tens digit of q?
0
Let i = 21 + 749. What is the tens digit of i?
7
Let d be (-3)/21 - 2/(-28)*-166. Let s(q) = -21*q - 25. What is the tens digit of s(d)?
2
Let t be 3/7 - 6734/49. Let v = 238 + t. What is the tens digit of v?
0
Let l = 1 + 1. What is the units digit of l + -6 + 75 + 9?
0
Let q(x) = -2*x**3 - 11*x**2 - x - 1. Let k be q(-8). Let c = k + -232. What is the tens digit of c?
9
Suppose 0 = -2*o - z + 3, 4 + 5 = -4*o - 5*z. Suppose 0 = o*j - 136 - 20. What is the tens digit of j?
3
Let m = 762 + -93. What is the tens digit of m?
6
Let g(s) = -s**2 - s + 43. Let p be g(0). Let i = 69 - p. Suppose 0 = -5*k + 7*k - i. What is the units digit of k?
3
Suppose 0 = -2398*z + 2406*z - 20688. What is the thousands digit of z?
2
Suppose -4*h + 1175 = 139. Let c = -123 + h. What is the units digit of c?
6
Suppose 0 = -l - i + 7, -2*i - 14 = 5*l - 52. What is the tens digit of (-92)/((-7)/(28/l))?
4
Let b = -343 - -775. Suppose 17*d - 9*d - b = 0. What is the tens digit of d?
5
Suppose -4*q = -2*q + 46. Let t = 92 + -46. Let u = q + t. What is the units digit of u?
3
Let o = -1330 + 1748. What is the tens digit of o?
1
Let a(y) be the third derivative of y**7/420 - y**6/144 - y**5/10 + 8*y**2. Let t(d) be the third derivative of a(d). What is the units digit of t(2)?
9
Let u = 18 - 16. Suppose a - u*a = -1. Let q(g) = 4*g - 2. What is the units digit of q(a)?
2
Let f be (-2)/1 - -3 - 0. Let h = 3 + f. Suppose 40 = h*n - 24. What is the units digit of n?
6
Suppose 0 = -a + w + 36, -5*a = -4*w + 3*w - 160. Suppose -219 = -a*i + 28*i. What is the units digit of i?
3
Let t = -14 - -40. What is the tens digit of t?
2
Let j = -15 + 19. Suppose j*i - 823 + 239 = 0. What is the units digit of i?
6
Let o = -1311 - -2206. What is the tens digit of o?
9
Let u be (-4)/((-4)/(-27)) + 2. Let i = 48 + u. What is the units digit of i?
3
Suppose 7*y - 10*y - 30 = 0. What is the units digit of (-1 - y/4)/((-3)/(-66))?
3
Let q(o) = 4*o - 2 - 4*o + o - 3. Let r be q(4). What is the units digit of r/2 + (-27)/(-2)?
3
Let c = -101 - -103. Suppose -c = -g, w + 4*g + g - 341 = 0. What is the units digit of w?
1
Let v be (-6)/(-12)*(0 - -4). What is the hundreds digit of 2/v - 5*-25?
1
Let r(t) = 2*t**2 - 3*t - 2. Let u(k) = 2*k**3 - 2*k**2 - 2*k + 1. Let f be u(2). What is the tens digit of r(f)?
3
Suppose -c + 2*c = 4*z + 8, -5*c + 78 = -z. Let u = -11 + c. Suppose 10 = u*t - 90. What is the units digit of t?
0
Suppose m = -3*m + 12. Suppose -5*s - 6 = -m*s. Let j = s + 13. What is the tens digit of j?
1
Suppose -